e factors of 6392685400.
2, 5, 59, 317, 1709
List the prime factors of 2033033135.
5, 7, 23, 2525507
List the prime factors of 4110443.
4110443
What are the prime factors of 659165506?
2, 47, 89, 78791
What are the prime factors of 1144201289?
7, 11, 31, 43577
List the prime factors of 1527866909.
283, 5398823
What are the prime factors of 89698902?
2, 3, 17, 879401
List the prime factors of 27927892.
2, 6981973
What are the prime factors of 7662857125?
5, 7, 11, 796141
What are the prime factors of 35605963?
89, 400067
List the prime factors of 18610947.
3, 2067883
List the prime factors of 2533281139.
61, 5651, 7349
List the prime factors of 10068199.
17, 47, 12601
List the prime factors of 403914418.
2, 4649, 43441
List the prime factors of 127856132.
2, 31964033
What are the prime factors of 1980632350?
2, 5, 23, 73, 23593
List the prime factors of 1011331926.
2, 3, 11, 73, 83, 281
What are the prime factors of 73415988?
2, 3, 71, 28723
List the prime factors of 1242656943.
3, 11, 19, 104311
What are the prime factors of 263987645?
5, 17, 109, 28493
List the prime factors of 1144127313.
3, 7, 19, 136547
List the prime factors of 8131770094.
2, 7, 580840721
What are the prime factors of 151938001?
2777, 54713
What are the prime factors of 129448196?
2, 32362049
List the prime factors of 46940125.
5, 23, 29, 563
What are the prime factors of 514078056?
2, 3, 71, 33521
List the prime factors of 4322674469.
71, 3037, 20047
What are the prime factors of 10857468?
2, 3, 904789
List the prime factors of 105367589.
6823, 15443
What are the prime factors of 2203709355?
3, 5, 16323773
List the prime factors of 247347934.
2, 23, 47, 114407
List the prime factors of 118304705.
5, 2539, 9319
What are the prime factors of 16792225?
5, 359, 1871
List the prime factors of 3120057421.
13, 240004417
List the prime factors of 121955854.
2, 60977927
What are the prime factors of 3688246289?
7, 13, 40530179
What are the prime factors of 21722338?
2, 11, 67, 14737
List the prime factors of 861021428.
2, 215255357
List the prime factors of 3985989936.
2, 3, 19, 367, 11909
List the prime factors of 714094481.
714094481
What are the prime factors of 27447346?
2, 3413, 4021
List the prime factors of 108723597.
3, 36241199
List the prime factors of 268311538.
2, 11, 29, 420551
What are the prime factors of 490312332?
2, 3, 4539929
What are the prime factors of 1047827009?
773, 1355533
List the prime factors of 420337549.
420337549
What are the prime factors of 8327438?
2, 7, 179, 3323
What are the prime factors of 379726104?
2, 3, 113, 163, 859
List the prime factors of 52451719.
52451719
What are the prime factors of 254164679?
254164679
List the prime factors of 117149962.
2, 73, 337, 2381
What are the prime factors of 165067228?
2, 23, 53, 97, 349
List the prime factors of 2825381809.
683, 4136723
List the prime factors of 66011689.
79, 835591
What are the prime factors of 1127335610?
2, 5, 37, 271, 11243
What are the prime factors of 60161428?
2, 29, 659, 787
What are the prime factors of 258362317?
83, 311, 10009
List the prime factors of 3383727911.
2053, 1648187
List the prime factors of 2592470652.
2, 3, 139, 1554239
List the prime factors of 36779382.
2, 3, 67, 30497
List the prime factors of 70670210.
2, 5, 13, 543617
List the prime factors of 139035592.
2, 41, 61, 6949
What are the prime factors of 145396736?
2, 107, 1327
List the prime factors of 392837233.
47, 8358239
What are the prime factors of 4231980735?
3, 5, 2027, 139187
What are the prime factors of 8274558?
2, 3, 127, 10859
What are the prime factors of 282645400?
2, 5, 17, 59, 1409
What are the prime factors of 229463148?
2, 3, 3517, 5437
What are the prime factors of 653374032?
2, 3, 41, 331999
What are the prime factors of 23910668?
2, 5977667
What are the prime factors of 1100503897?
97, 11345401
List the prime factors of 291461740.
2, 5, 43, 338909
What are the prime factors of 4521948770?
2, 5, 101, 1483, 3019
What are the prime factors of 137369895?
3, 5, 13, 704461
What are the prime factors of 1264039874?
2, 2969, 212873
List the prime factors of 749027053.
31, 3853, 6271
What are the prime factors of 3661578553?
101, 36253253
What are the prime factors of 34804381?
317, 109793
What are the prime factors of 2128903239?
3, 577, 1229869
What are the prime factors of 761551217?
7, 19, 2089, 2741
What are the prime factors of 588553579?
29, 20294951
List the prime factors of 1337755396.
2, 334438849
What are the prime factors of 31714635?
3, 5, 71, 97, 307
What are the prime factors of 7735117990?
2, 5, 773511799
What are the prime factors of 87069260?
2, 5, 23, 191, 991
What are the prime factors of 3436225?
5, 13, 97, 109
List the prime factors of 32241656.
2, 17, 237071
List the prime factors of 1633367195.
5, 23, 607, 23399
List the prime factors of 160048589.
1009, 158621
What are the prime factors of 788807774?
2, 41, 181, 53147
What are the prime factors of 124701375?
3, 5, 17, 31, 631
List the prime factors of 5830832671.
41, 142215431
What are the prime factors of 57308713?
7, 11, 101, 7369
What are the prime factors of 53283124?
2, 109, 122209
List the prime factors of 73585752.
2, 3, 73, 97, 433
What are the prime factors of 287638315?
5, 103, 558521
List the prime factors of 60490826.
2, 11, 41, 199, 337
What are the prime factors of 1265243679?
3, 7, 2473, 2707
What are the prime factors of 99415693?
13, 41, 383, 487
What are the prime factors of 1636125821?
11, 13521701
What are the prime factors of 2294056792?
2, 31, 9250229
List the prime factors of 27018968.
2, 3377371
What are the prime factors of 261569587?
261569587
List the prime factors of 225915254.
2, 2269, 49783
What are the prime factors of 552118180?
2, 5, 17, 97, 16741
What are the prime factors of 22844577?
3, 7, 37, 29401
What are the prime factors of 2820591145?
5, 101, 431, 12959
What are the prime factors of 743021890?
2, 5, 13, 17, 19777
What are the prime factors of 706842315?
3, 5, 31, 168899
What are the prime factors of 54877346?
2, 27438673
What are the prime factors of 871555109?
11471, 75979
List the prime factors of 1924380526.
2, 499, 1928237
List the prime factors of 183818575.
5, 53, 138731
What are the prime factors of 5068020724?
2, 13, 137, 617, 1153
List the prime factors of 111318225.
3, 5, 1484243
List the prime factors of 3422976241.
3422976241
What are the prime factors of 100328570?
2, 5, 887, 11311
What are the prime factors of 289828836?
2, 3, 11, 41, 17851
List the prime factors of 269954330.
2, 5, 29, 389, 2393
List the prime factors of 93785761.
93785761
What are the prime factors of 120525545?
5, 7, 83, 5927
What are the prime factors of 8478395947?
7, 1211199421
What are the prime factors of 86158017?
3, 11, 870283
What are the prime factors of 14766717?
3, 7, 641, 1097
List the prime factors of 55166310.
2, 3, 5, 19, 32261
What are the prime factors of 1924492108?
2, 7, 11, 1361, 4591
What are the prime factors of 56091030?
2, 3, 5, 439, 4259
What are the prime factors of 7439574982?
2, 7, 19, 27968327
What are the prime factors of 12798069?
3, 53, 80491
List the prime factors of 7336575.
3, 5, 3623
List the prime factors of 455567969.
23, 59, 97, 3461
List the prime factors of 4181509699.
4181509699
What are the prime factors of 1051402802?
2, 525701401
What are the prime factors of 1477511543?
1477511543
List the prime factors of 246606606.
2, 3, 507421
List the prime factors of 746123249.
509, 1465861
What are the prime factors of 165898687?
43, 461, 8369
List the prime factors of 3820011038.
2, 43, 461, 96353
List the prime factors of 192181015.
5, 13, 2956631
What are the prime factors of 166337187?
3, 6427, 8627
List the prime factors of 47153381.
11, 23, 186377
List the prime factors of 4143185267.
13, 8081, 39439
List the prime factors of 139748412.
2, 3, 2011, 5791
What are the prime factors of 902347013?
26737, 33749
What are the prime factors of 4246557110?
2, 5, 424655711
What are the prime factors of 207778088?
2, 7, 37, 100279
What are the prime factors of 59744110?
2, 5, 23, 421, 617
What are the prime factors of 144823556?
2, 401, 90289
What are the prime factors of 50737278?
2, 3, 8456213
What are the prime factors of 152933373?
3, 5664199
List the prime fa